7) to base 13
-8b2
Convert 466 (base 7) to base 13.
15a
What is -14b (base 13) in base 12?
-174
What is -1020 (base 9) in base 13?
-456
What is -54a (base 14) in base 3?
-1102202
Convert -2013330 (base 5) to base 16.
-7e54
Convert -2746 (base 8) to base 5.
-22020
What is -4001 (base 7) in base 13?
-818
Convert adb8 (base 14) to base 13.
10953
What is 859 (base 16) in base 6?
13521
Convert 211212 (base 4) to base 15.
aa6
12112 (base 3) to base 9
175
623 (base 14) to base 7
3343
16243 (base 11) to base 15
6bcb
What is -730 (base 14) in base 11?
-1076
What is 777 (base 8) in base 15?
241
-3111 (base 5) to base 11
-33a
-519a (base 13) to base 3
-120110211
-1000010111100 (base 2) to base 6
-31500
What is 214335 (base 6) in base 14?
6707
-5998 (base 13) to base 3
-122022211
Convert -2a4 (base 14) to base 11.
-448
-453 (base 6) to base 9
-216
What is -35 (base 8) in base 12?
-25
What is -1122120102 (base 3) in base 14?
-bbac
What is -210130 (base 4) in base 11?
-1830
Convert 1337 (base 14) to base 3.
11122020
4316 (base 8) to base 5
33004
What is -102001 (base 3) in base 9?
-361
-11011011011 (base 2) to base 8
-3333
Convert 100100101100 (base 2) to base 13.
10b8
-b48 (base 12) to base 11
-1261
What is -284 (base 11) in base 3?
-110101
-2986 (base 13) to base 7
-23365
What is 1000111110 (base 2) in base 12?
3ba
Convert 40241 (base 6) to base 2.
1010010100001
What is 3433 (base 5) in base 7?
1303
Convert -b60c (base 14) to base 12.
-161a4
What is -1647 (base 14) in base 2?
-111110001111
Convert 1124404 (base 5) to base 9.
31233
What is 122022110 (base 3) in base 5?
400441
What is 20021210 (base 3) in base 11?
3498
What is -64363 (base 7) in base 3?
-210220111
-114323 (base 7) to base 6
-240012
What is 2111221 (base 3) in base 7?
5230
113451 (base 6) to base 12
5887
2941 (base 16) to base 2
10100101000001
What is 10340 (base 6) in base 11?
1089
Convert 201 (base 10) to base 12.
149
32662 (base 9) to base 4
11102303
What is -142234 (base 5) in base 13?
-2923
-231 (base 11) to base 10
-276
-5b6 (base 12) to base 2
-1101011010
Convert -122102 (base 3) to base 7.
-1241
What is -2ec (base 15) in base 7?
-1650
What is -10001000000000 (base 2) in base 10?
-8704
597 (base 11) to base 15
326
What is 222002020 (base 3) in base 11?
13316
-ab0 (base 12) to base 10
-1572
15b74 (base 12) to base 5
1443143
Convert 74d (base 16) to base 10.
1869
What is 2111 (base 6) in base 11?
3a2
What is -20122200 (base 3) in base 15?
-1686
10111110110 (base 2) to base 13
905
3637 (base 10) to base 11
2807
Convert 3a92 (base 15) to base 9.
18142
What is -130b (base 12) in base 4?
-201323
Convert -15564 (base 11) to base 9.
-33122
What is a2 (base 11) in base 7?
220
What is -470 (base 16) in base 8?
-2160
Convert 1210011212 (base 3) to base 12.
183ab
Convert -51c3 (base 15) to base 3.
-212201010
16466 (base 8) to base 11
5689
505 (base 8) to base 6
1301
-4660 (base 7) to base 8
-3254
What is 4465 (base 8) in base 6?
14525
What is -142c (base 13) in base 10?
-2911
Convert 10000000011010 (base 2) to base 8.
20032
Convert -1a510 (base 14) to base 15.
-14c1a
Convert -1100011101 (base 2) to base 4.
-30131
Convert 1534 (base 7) to base 3.
211201
Convert -120010 (base 3) to base 2.
-110011000
Convert 244423 (base 6) to base 12.
10713
Convert -4675 (base 8) to base 14.
-ca1
Convert 1020122 (base 3) to base 4.
32030
Convert -7501 (base 8) to base 12.
-2315
Convert -504114 (base 6) to base 9.
-60521
What is -445 (base 7) in base 8?
-345
What is 2022 (base 3) in base 9?
68
-1031 (base 7) to base 14
-1c1
What is 241b (base 12) in base 9?
5505
-196 (base 11) to base 6
-1014
Convert 2102 (base 5) to base 15.
137
What is 111101101011100 (base 2) in base 3?
1121022122
What is 174 (base 13) in base 16?
108
Convert -1001000110101 (base 2) to base 11.
-3558
What is 7664 (base 8) in base 9?
5456
-1300133 (base 4) to base 2
-1110000011111
-2e2 (base 15) to base 16
-296
Convert 1133f (base 16) to base 4.
101030333
Convert -3023121 (base 4) to base 12.
-7649
-b6 (base 15) to base 10
-171
1776 (base 8) to base 3
1101212
-573 (base 16) to base 7
-4032
43064 (base 8) to base 3
220122122
13223 (base 4) to base 6
2135
Convert -11c72 (base 14) to base 10.
-43612
Convert -1071 (base 9) to base 6.
-3401
What is -1112 (base 3) in base 16?
-29
3034 (base 8) to base 6
11124
-25252 (base 7) to base 11
-4aa8
32 (base 5) to base 7
23
-105052 (base 7) to base 8
-44177
What is 1113 (base 6) in base 5?
2021
What is -31312 (base 4) in base 10?
-886
-10000010100101 (base 2) to base 12
-4a05
What is -21232 (base 5) in base 4?
-112202
What is -3cc5 (base 16) in base 10?
-15557
What is 121031 (base 4) in base 6?
11245
What is -40223 (base 5) in base 12?
-1597
52 (base 13) to base 16
43
10234 (base 5) to base 14
378
What is -3376 (base 9) in base 13?
-11a3
What is 83ca (base 16) in base 10?
33738
Convert -100000111 (base 2) to base 7.
-524
Convert 167 (base 12) to base 8.
337
What is -aba7 (base 14) in base 12?
-15267
What is -35414 (base 7) in base 6?
-110125
-30252 (base 6) to base 10
-3992
What is -501 (base 6) in base 10?
-181
What is 1000001011111000 (base 2) in base 15?
9e03
What is -1112111 (base 3) in base 4?
-101200
What is 11120010 (base 3) in base 5?
101244
Convert -43b (base 16) to base 12.
-763
6048 (base 11) to base 13
3874
What is 15221 (base 6) in base 11?
1938
What is 34255 (base 6) in base 3?
20122222
-20000332 (base 4) to base 7
-164500
What is 2122110100 (base 3) in base 11?
36157
What is 213d (base 14) in base 8?
13153
330321 (base 4) to base 13
1a0a
Convert 164 (base 10) to base 16.
a4
What is 102 (base 12) in base 5?
1041
Convert 30a (base 13) to base 8.
1005
1100111101111000 (base 2) to base 6
1045520
Convert 23212 (base 4) to base 6.
3234
3837 (base 11) to base 3
20212020
-1100011001 (base 2) to base 11
-661
-6522 (base 8) to base 5
-102120
What is -1001101010 (base 2) in base 16?
-26a
-11574 (base 8) to base 13
-2369
What is 10200 (base 7) in base 5?
34444
Convert -1559 (base 13) to base 10.
-3116
What is -22 (base 10) in base 5?
-42
Convert -10300213 (base 4) to base 16.
-4c27
What is -1110 (base 4) in base 8?
-124
Convert 260 (base 16) to base 13.
37a
Convert 2982 (base 15) to base 14.
3357
What is 111101100110011 (base 2) in base 3?
1121021010
Convert 1ce (base 16) to base 4.
13032
Convert -368b (base 13) to base 4.
-1320220
Convert 757 (base 8) to base 6.
2143
What is 73317 (base 8) in base 6?
352451
What is -539 (base 10) in base 2?
-1000011011
Convert -793 (base 15) to base 14.
-8a5
110101010010 (base 2) to base 10
3410
What is 100000101 (base 2) in base 14?
149
-313 (base 7) to base 16
-9d
What is 20082 (base 10) in base 3?
1000112210
45cc (base 16) to base 9
26453
What is 36c (base 15) in base 10?
777
What is 2726 (base 11) in base 8?
6721
-93a (base 15) to base 7
-6031
1011001111 (base 2) to base 7
2045
What is -12741 (base 9) in base 12?
-4ba7
a94 (base 15) to base 3
10021111
Convert 33711 (base 10) to base 6.
420023
What is -43a (base 12) in base 2?
-1001101110
-2500 (base 15) to base 8
-17303
-4d8 (base 16) to base 14
-648
What is 434 (base 7) in base 3?
22012
Convert -3461a (base 11) to base 14.
-14310
-123130 (base 5) to base 11
-3665
-563 (base 9) to base 8
-716
What is -22214 (base 5) in base 16?
-617
-7232 (base 13) to base 9
-23548
What is -10010000011001 (base 2) in base 13?
-428b
What is -8eb9 (base 16) in base 9?
-55106
-20101002 (base 3) to base 6
-33302
What is 1309 (base 10) in base 13?
799
Convert a68 (base 12) to base 11.
1162
-26361 (base 8) to base 11
-870a
Convert 2022002112 (base 3) to base 12.
22242
What is 4311 (base 7) in base 2?
10111110111
Convert -11011000111 (base 2) to base 15.
-7aa
Convert -51407 (base 8) to base 10.
-21255
a83 (base 16) to base 3
10200200
What is -295 (base 10) in base 14?
-171
Convert 175 (base 11) to base 16.
cb
-57 (base 11) to base 5
-222
What is -12224 (base 8) in base 11?
-3a5a
-6ca (base 14) to base 11
-1021
What is -984 (base 16) in base 8?
-4604
8153 (base 10) to base 2
1111111011001
-12252 (base 7) to base 8
-6226
Convert 12c (base 13) to base 10.
207
Convert 1d18 (base 14) to base 8.
12302
-16432 (base 7) to base 10
-4678
-181a (base 12) to base 13
-1423
-3238 (base 9) to base 14
-c24
Convert -1101111010011 (base 2) to base 15.
-21